(-68)/11. Suppose m - h*m = -950. What is the hundreds digit of m?
1
Let g(u) = -1 + 12*u + 32*u + 10 - 2. What is the hundreds digit of g(5)?
2
Let q = -40 - -68. Suppose -q + 2 = -2*x + j, 5*j = 3*x - 46. What is the tens digit of x?
1
Let m be (4/(-10))/((-12)/4020). Let j = m + -72. What is the units digit of j?
2
Suppose 15*o - 293 = 3082. What is the tens digit of o?
2
Suppose 46516 + 42892 = 44*a. What is the units digit of a?
2
Let a = 3 - -3. Let y = 0 - a. What is the units digit of (-4 - y) + 4/1?
6
Let y be ((-27)/15 - -1)*-5. Let r(t) = -t - 1 + 0 - t**2 - y*t**3 + 3*t**3 - 17*t**3. What is the units digit of r(-1)?
7
Let x be -5 - -1 - (-3 - 6). Suppose x*g = -20, 0 = -3*a + 4*g - 0*g + 160. What is the tens digit of a?
4
Suppose 2119 - 12999 = -8*d. What is the hundreds digit of d?
3
Suppose d - 5*d = -5*u + 660, 4*u + 3*d - 559 = 0. Let z = 160 + u. What is the hundreds digit of z?
2
Let v = -3 - 3. What is the tens digit of (-3)/v - (-2 - (-47)/(-2))?
2
Suppose -c = -q + 7, -21 = -4*q + 2*c - 5*c. Suppose 17 = q*u - 19. What is the units digit of u?
6
Suppose 0 = 5*u + 4*p - 10, -3 = -u - p - 0*p. Let c be -6*(15/6 + u). Let o(l) = l**2 + 3*l + 1. What is the units digit of o(c)?
1
Suppose 0 = 2*l - 7*l + j + 1192, -2*l - 8*j = -502. What is the tens digit of l?
3
Let y(a) = 4*a**2 + 13*a - 23. What is the tens digit of y(9)?
1
Suppose 0 = h + 3*n - 11, -n = -h - 5*n + 14. Let c = -175 + 178. Suppose h*d - 3*g = -2*d + 187, c*g - 254 = -5*d. What is the tens digit of d?
4
Let p be 275 + 8*3*1/6. Let w = 522 - p. What is the units digit of w?
3
Suppose -5*m - 2 = -6*m. Let y(k) = -3 + k + 1 + 10*k**2 - 2 - 9*k**m. What is the units digit of y(-6)?
6
Let t(i) = -13*i - 7. Let h(p) = 20*p + 10. Let z(m) = 5*h(m) + 8*t(m). What is the units digit of z(-2)?
2
Let n = -10 + 12. Suppose -3 = 2*r - n*g - 95, 98 = 2*r - 5*g. What is the units digit of r?
4
Let n(m) = -m**3 - 16*m**2 - 2*m - 30. Let u be n(-16). Suppose 0*y = -3*y + 2*h + 414, 6 = -u*h. What is the hundreds digit of y?
1
Let d(i) = -i - 33. Let y(u) = 32. Let x(f) = -4*d(f) - 3*y(f). What is the units digit of x(0)?
6
Let j = 390 - -920. What is the units digit of j?
0
Let q(z) be the second derivative of 5*z + 0 + 1/2*z**2 - 13/3*z**3. What is the tens digit of q(-1)?
2
Let z = -5 - -8. Suppose 5*p - 7 = z, -3*x = 4*p - 23. Let r = 1 + x. What is the units digit of r?
6
What is the tens digit of (-2)/(-3)*27*(-9)/(-2)?
8
Let x be (-13 + 15)*129/2. Let y = 57 - x. Let j = -45 - y. What is the tens digit of j?
2
Suppose 5*h + 17 = -73. What is the tens digit of ((-9)/6)/(h/528)?
4
What is the units digit of 12/20*(82 - -3)?
1
Let k be 1 - 14/16 - (-40339)/232. Let b be 6/(0 - -1) + 0. Suppose b*o + 0*o - k = 0. What is the units digit of o?
9
Suppose 3*v - 2305 - 4409 = -3*a, 4*v - 8 = 0. What is the thousands digit of a?
2
Let k(x) = x**3 + 19*x**2 + 2*x + 10. What is the hundreds digit of k(-17)?
5
Suppose -5*x = 3*i - 6 - 85, -4*i + 102 = -3*x. Let f = 45 - i. What is the units digit of f?
8
Let a be 2/5 - 73/(-5). Suppose 4*d = -5*h - a, 6*d - 4*h - 12 = d. Suppose d = -5*z + 6*x - 4*x + 64, -2*z + 16 = -4*x. What is the tens digit of z?
1
Suppose -5*q = 4*y + 1284, 2*q + 0*y = 2*y - 510. Let a = q + 458. What is the tens digit of a?
0
Let j = 1114 - -469. What is the tens digit of j?
8
Let p be ((-1)/(-2))/(1/12). Let m(b) = -3*b + 2*b - 3*b - b**3 + 7*b**2 - 3. What is the units digit of m(p)?
9
Let r = 994 - 77. What is the hundreds digit of r?
9
Suppose 2*m = -5*a - 4, -a + 4 - 2 = 0. Let l(q) = -q**2 - 8*q + 6. Let h be l(m). Suppose -27 = -2*v - i, 0 = 4*v + i - h - 38. What is the units digit of v?
2
What is the units digit of (-7 - -5) + 0 + 5 - -355?
8
Let y(d) = -173*d + 271. What is the units digit of y(-6)?
9
Suppose 106 = 5*g + 86. What is the units digit of (1 + (-23)/(-2))/(2/g)?
5
Suppose -13*v = 458 - 6854. What is the tens digit of v?
9
Suppose -2*w = 4*d - 180, -198 - 147 = -4*w - 5*d. What is the tens digit of w?
8
Suppose l = -0*l + 14. Suppose l = -4*w - 6. Let u = w + 8. What is the units digit of u?
3
Let r(x) = -11*x - 1 - 8*x + x. Let c be r(-1). Let l = c + 26. What is the tens digit of l?
4
Suppose -1203 = -6*b + 3*b - t, 6 = 2*t. What is the units digit of b?
0
Suppose -5 = 2*s + 4*i - 13, -4*s + i = 2. Suppose s = -23*p + 22*p + 116. What is the hundreds digit of p?
1
Suppose -2*c + c = -8. Let v(y) = 1106*y**2 + 17*y - 2*y - 1107*y**2 - 10. What is the units digit of v(c)?
6
Suppose 14*s - 2797 = 14731. What is the thousands digit of s?
1
Suppose 17 = -3*u - t - 0*t, -u = t + 5. Suppose 2*i + 4*z = 140, -81 = 2*i - z - 226. What is the units digit of i/(-2)*9/u?
4
Let g(b) = 27*b**2 - 5*b + 5. Let q be g(-5). Suppose t + 0*y - 145 = 3*y, 0 = 5*t - 5*y - q. What is the units digit of t?
9
Let j(p) = -p**3 + 50*p**2 + 2*p - 62. What is the tens digit of j(50)?
3
Suppose -12 = -2*x - 8. Let w(o) = 3*o**x + 9 + o**2 - 10 + 5. What is the units digit of w(-2)?
0
Let q be (-4)/(1 - 24/20). Suppose q = 3*d + 2*d. Suppose 0 = 2*k - d - 0. What is the units digit of k?
2
Suppose -j + 2 - 3 = 0. Suppose 3*l - 42 = 7*l - 2*k, 0 = -4*l + 4*k - 48. Let p = j - l. What is the units digit of p?
8
Suppose -762 + 312 = -5*t. What is the units digit of t?
0
Let h = -53 + 55. Suppose -a + 4*q = -228, 7*a - h*a - 1117 = -3*q. What is the tens digit of a?
2
Let n = -454 - -980. What is the units digit of n?
6
Let h(f) = f**3 - 12*f**2 + 1. Let m be h(12). Suppose -24 = -4*a - 3*l - 1, a = -3*l - m. What is the units digit of a?
8
Let j(d) = -d**2 - 9*d + 24. Let h be j(-11). Let b(w) = 13*w + 5. What is the tens digit of b(h)?
3
Let y be (-6)/(-2)*(6 + -5). Suppose -y - 4 = -t. What is the units digit of t + 2 + -1*2?
7
Suppose 4*x - 2*k = 1886, 4*x + 4*k - 710 - 1194 = 0. What is the units digit of x?
3
Let w be 4 - (12/4 - 3). Suppose 0 = -4*g - w - 0. What is the units digit of g/2 + 99/18?
5
Suppose -d + m + 1 = -0*m, 3*d + 5 = -5*m. Let o(z) = 469 - z**2 + d*z + 9*z - 458. What is the tens digit of o(8)?
1
Let n(l) = -3*l - 3. Let m be n(-2). Suppose 2*b - m*b = 0. Suppose -5 = 3*g - 8*g - 2*r, b = 5*r. What is the units digit of g?
1
Let y be 108/20 - (-2)/(-5). Suppose -y*r + 157 = 17. What is the tens digit of r?
2
Let u = -941 - -1865. Suppose 10*a - u = 316. What is the hundreds digit of a?
1
Suppose -15 = -5*r + 5. Suppose y + 2*y + 75 = r*c, 3*c + 3*y = 30. What is the units digit of c?
5
Let q(u) = -63*u - 80. What is the thousands digit of q(-34)?
2
Suppose 5 + 0 = -5*h. Let k = 203 + -182. What is the units digit of -1 + k + h + 3?
2
Suppose -j + 3105 = 3*s - 1016, 5*j - 2769 = -2*s. What is the tens digit of s?
7
Suppose 0 = 3*t + 4*p - 51, p - 78 = -4*t - p. What is the tens digit of t?
2
Let i be (-4)/6*-2*1041. Suppose -13*b - i = -17*b. What is the units digit of b?
7
Suppose -5*h + 1711 + 874 = 5*m, -5*h = -2*m + 1048. What is the units digit of m?
9
Suppose 5*r + 17 = 4*b, -1 = 4*b - r - 14. Let c(x) = -2*x**2 + 2*x - 3. Let n be c(b). What is the tens digit of n/(-1) + (-10)/5?
1
What is the tens digit of (629/(-51))/((-1)/3)?
3
Suppose 12*b - 10866 = 5718. What is the tens digit of b?
8
Let n = 1438 - 892. What is the hundreds digit of n?
5
Let m = -94 + 104. What is the tens digit of ((105/m)/7)/(3/122)?
6
Suppose -4*w - 3 = -h - 1, -5*h = -5*w - 10. Suppose 0 = -5*r + j + h*j + 804, -4*r + j = -639. What is the hundreds digit of r?
1
Suppose 5 = 3*c - 10, 5*n - 2*c - 95 = 0. Let y = n - 19. What is the units digit of y?
2
Suppose -5*l + 3*l + 802 = 0. Let r = l + -242. Let h = r + -110. What is the tens digit of h?
4
Let m(f) = f**2 + 4*f + 59. Let q be m(0). Let t = 185 - q. What is the units digit of (72/t)/(4/182)?
6
What is the tens digit of 7 + -11 - -2 - -10*373?
2
Suppose -2*p = 3*r + 2*p - 349, -2*r - 5*p + 221 = 0. Suppose 5*d = 2*d + r. What is the units digit of d?
1
Let f = -16 + 26. Suppose -4*x - 2*c + 0*c + 10 = 0, 5*x = 5*c - f. What is the tens digit of x/(316/156 + -2)?
3
Let y = 259 + 137. What is the hundreds digit of y?
3
Suppose 4 = -2*z + 8. Let y be ((-9)/z)/(2/4). What is the units digit of 2/y - (-2043)/81?
5
Let v = -270 + 69. What is the units digit of (v/15 - -3)*-15?
6
Let w(y) = -11*y - 30. Let h